5*y = -5*g + 60, -16 = -y - 22*g + 17*g. Calculate the highest common divisor of 10 and y.
1
Let a = -289 + 292. Suppose -9 = -a*t, 41 = 2*q + t + 4. What is the greatest common divisor of q and 2?
1
Suppose -21*j - 6354 = -158*j + 11593. Calculate the highest common factor of j and 4192.
131
Let r be (2 + 15/(-9))*-9*10/(-2). Calculate the highest common factor of r and 12945.
15
Let f be 7/1*(3 + -2)/((-7)/(-14)). Calculate the greatest common factor of f and 5579.
7
Let l(p) = p**2 + 6*p. Let x be l(-6). Let a be 161/(x - (-3 + 2)). Let m be (-52)/39*((-77)/4 - -2). What is the highest common divisor of m and a?
23
Let v = 5857 + -5503. Calculate the highest common factor of v and 295.
59
Let g(q) = 15*q**3 - 75*q + 224. Let i be g(3). Calculate the highest common divisor of 5454 and i.
202
Suppose -4*o = -42 - 258. Let s = -98 + o. Let j = s - -75. Calculate the highest common factor of 13 and j.
13
Suppose 2*a + 3*x - 59 = 0, 3*a = -2*x - 635 + 721. What is the greatest common factor of 5264 and a?
28
Suppose 2*p - 40 = 2. Let z = 188 + -90. Let w = z - 56. What is the greatest common divisor of w and p?
21
Let c(g) = g**2 - 4*g - 12. Let p be c(6). Suppose p = 37*l - 1433 - 935. Calculate the greatest common divisor of 4 and l.
4
Let k = 198 + -124. Suppose 4*f - 182 + k = 0. What is the greatest common factor of f and 18?
9
Suppose 4*m - 118 = -5*h + 767, 3*m + 5*h - 665 = 0. Calculate the highest common divisor of m and 7535.
55
Let n(u) be the first derivative of -u**4/2 - 25*u**3/3 - 10*u**2 - 4*u + 79. Let w be n(-12). What is the highest common divisor of w and 23?
23
Suppose -2*q = -10*q + 4424. Let i = q + -850. Let b be (-2 - 16/(-6))/((-11)/i). What is the highest common divisor of b and 162?
18
Let f be 0/1 - -2*681/(-6). Let c = f + 258. What is the greatest common factor of c and 341?
31
Let a be ((-308)/(-6))/((-4)/30). Suppose -36*o - 2347 = 4407 + 1058. Let d = o - a. What is the greatest common factor of 48 and d?
24
Suppose 421258 = 238*u - 127094. What is the highest common factor of u and 336?
48
Let a be (-3608)/165 + (-8)/60. Let t be 1*a*21/(-42)*1. What is the highest common divisor of 1 and t?
1
Let b be (-13 - -33) + 8/2 + 12. Calculate the highest common factor of b and 8217.
9
Suppose 0 = -b - 5*p + 26, 2*p - 6 + 132 = 4*b. Let h be (-10538)/(-20) + (-259)/(-2590). What is the greatest common divisor of b and h?
31
Let o(q) = -323*q - 14. Let w be o(1). Let t = w - -404. What is the greatest common factor of 67 and t?
67
Let r(c) = -c**2 + 48*c + 502. Let o be r(-7). What is the highest common factor of o and 18?
9
Let d(m) = m**2 - 25*m - 11. Let p be d(27). Suppose 14*j + 9280 = p*j. Calculate the highest common factor of j and 40.
40
Let m be 4/(-5) - 8768/(-160). Calculate the highest common divisor of m and 66.
6
Let o(w) = -140*w - 1832. Let j be o(-40). Calculate the highest common factor of 72 and j.
24
Let f = -36 - -249. Calculate the highest common divisor of f and 15.
3
Suppose 10*n = -13*n - 10161 + 44684. Calculate the highest common factor of n and 632.
79
Suppose 0*p - 4*t + 7 = 3*p, -4*t + 1 = -3*p. Let c = 7 + -6. Let w be 2*(-2)/(-4*c). What is the highest common factor of p and w?
1
Let n(l) = -l**3 - 6*l**2 + 3*l - 19. Let f be n(-7). Suppose 0 = -11*r + 24 + f. Calculate the highest common factor of 15 and r.
3
Suppose 4*o = -p + 250, -87 + 32 = -o - 4*p. Suppose -4*v + 11*v = o. Calculate the highest common factor of v and 45.
9
Suppose -14*d + 8419 + 2957 = 10*d. Let y be 2/7 + (-80)/(-14). Calculate the greatest common divisor of d and y.
6
Suppose -464 = o + 7*o. Let q = o + 87. What is the greatest common divisor of 29 and q?
29
Let w(r) = -374*r**2 - 66*r. Let o(m) = 83*m**2 + 15*m. Let c(f) = -22*o(f) - 5*w(f). Let a be c(1). What is the highest common divisor of 10 and a?
2
Suppose 0 = -962*d + 965*d - 34161. What is the greatest common factor of 59 and d?
59
Let l be (-208)/(-39)*3/2. Let j = 30 + -23. Suppose -j = -z + 33. What is the greatest common divisor of z and l?
8
Suppose -1207 - 11512 = -7*x. Calculate the highest common factor of 69 and x.
23
Suppose 7*c = 12853 - 4229. What is the highest common divisor of c and 77?
77
Suppose 11*d + 6 = 14*d. Suppose d*f + 21 = -47. Let q be (-4 - -1)/(3/2) - f. Calculate the highest common factor of q and 8.
8
Let j be (310/(-6))/(-1 - (-77)/84). Let w be (2/4)/(31/j). What is the highest common factor of w and 110?
10
Let d(v) be the second derivative of -v**5/20 + 2*v**3/3 + v**2/2 - 3*v + 3. Let w be d(0). Calculate the greatest common divisor of 8 and w.
1
Let y be (-8456116)/(-531) + 4/(-22) + (-58)/(-198). What is the greatest common factor of 182 and y?
91
Let m be (0 + 1665/2)*30/25. What is the greatest common divisor of m and 444?
111
Suppose 315 = 2*a + 3*a. Suppose h - w = -85, -4*h + h = -2*w + 254. Let s be 6/(-84) - (-2 + 426/h). What is the greatest common divisor of s and a?
7
Suppose -12 = -4*f + f. Suppose -f*k + 33 + 11 = 0. Suppose -6346 = -93*g - 1231. What is the highest common divisor of g and k?
11
Suppose 23*n + 10176 = -n. Let b be (1/(4/90))/((-159)/n). Calculate the highest common divisor of 9 and b.
3
Suppose -x + 4 = 0, v - 3*x = x - 17. Let f be (-5)/v*(2 + (-52)/(-20)). What is the highest common divisor of f and 23?
23
Suppose -17*s + 5 = -16*s. Suppose -2*f - 415 = -s*z + 169, 2*z - 4*f - 224 = 0. What is the highest common factor of 413 and z?
59
Let i = -1 - -53. Let y(v) = v**3 + 34*v**2 + 136*v - 257. Let s be y(-29). Calculate the highest common divisor of i and s.
4
Let o be ((-25)/((-875)/(-28)))/(1/(-410)). What is the greatest common divisor of o and 8?
8
Let o be 24/10*35000/375. Let i = -18 + 25. What is the highest common factor of i and o?
7
Let r be 1143/2 + (-13)/(-26). What is the greatest common factor of r and 3289?
143
Suppose -l + b = -101, -4*l - 2*b = -220 - 172. Let n = -736 - -763. What is the highest common divisor of l and n?
9
Suppose 593*h = 601*h - 31168. What is the greatest common divisor of 8 and h?
8
Let j(f) = -79*f - 254. Let w be j(-4). What is the greatest common divisor of 1023 and w?
31
Let b be 24/(-48) - (2 - 19/2). What is the greatest common divisor of 1673 and b?
7
Suppose -3*i + 772 = 2*o, o - 2*i = 2*o - 384. What is the greatest common factor of 8 and o?
8
Let r = 528 + 37974. What is the greatest common divisor of 186 and r?
186
Let r be (-21)/(-6)*4*2. Suppose 0 = -r*i + 9*i + 1995. Suppose 3*j + 5*m = 21 + 52, -2*j - 3*m = -48. What is the greatest common factor of j and i?
21
Let n(w) = w**2 + 46*w + 57. Let t be n(-20). Let f = -361 - t. Calculate the highest common divisor of f and 48.
6
Suppose 4*m - 9 = 23. Suppose -5057 - 5887 = -152*q. What is the highest common divisor of q and m?
8
Suppose -45*p + 1910830 = 122*p + 11*p. What is the greatest common divisor of p and 95?
95
Let y = -644 + 859. Calculate the highest common divisor of 172 and y.
43
Let y(o) = o. Let s be y(6). Let l(v) = 40 - 167 + 29 + 30 + 44 + 6*v. Let h be l(s). What is the highest common divisor of h and 96?
12
Let m(z) = -174*z + 18. Let s be m(0). Calculate the greatest common factor of 182 and s.
2
Let b(a) = -119*a + 113. Let h be b(-3). Calculate the greatest common factor of 10 and h.
10
Let o(g) = -g**3 + g**2 + 4*g + 8. Let v be o(-3). Let d = 33 + v. Suppose 11*n - 60 = -n. What is the highest common factor of n and d?
5
Suppose -3*l + 65 = -4*o, -3*l + o = 3*o - 89. Suppose -f = -s - 4*s - 27, f - 27 = 3*s. Calculate the greatest common divisor of l and f.
27
Let g be 1 + 0/2 + 103. Let s be -3 + (-268 - 6/(-2)) + -3. Let f = -258 - s. Calculate the greatest common divisor of g and f.
13
Let r = -121 + 124. Suppose 4*h - 48 = v - 4*v, 0 = -r*h + 9. What is the highest common divisor of v and 6?
6
Let z = -34 + 35. Let o(d) = -18*d**3 + 63*d**3 + 1 + 2*d**2 - 20*d**3 - d - 11*d**3. Let j be o(z). Calculate the highest common divisor of j and 176.
16
Let s(h) = 13*h**2 - 5*h - 4. Let i be s(4). Let a = -21258 + 21266. What is the greatest common factor of i and a?
8
Suppose 0 = -15*s + 4*s. Suppose 3*c + s*c = 621. What is the greatest common factor of c and 9?
9
Let t(c) = -312*c - 591. Let p be t(-2). Calculate the greatest common divisor of p and 528.
33
Su